l + 1. Give j(p).
-9
Suppose 13*o + 135 + 554 = 0. Let m = 64 + o. Suppose g + g - 5*a - 18 = 0, -5*g = -4*a - m. Let i(y) = y**3 - 1. What is i(g)?
-2
Suppose 3*s + 3*g = 6, -6 = 2*s - 3*g - 0. Suppose -12 = 2*r - s*r + o, 0 = 4*r + o + 22. Let y(c) = 2*c**2 + 6*c + 4. What is y(r)?
24
Let f(g) = g**2 + 7*g - 5. Let w = 37 + -43. Let a be (-2)/w + 24/9. Suppose 0 = 5*i - s - 0 + 30, 30 = -5*i + a*s. Give f(i).
-11
Let c(g) = g**2 + 7*g + 8. Let q be c(-6). Suppose 3*v = -y + 11, 4*v = q*y - v + 22. Let m(w) be the second derivative of w**3/6 - 2*w. What is m(y)?
-1
Let z = 91927/6 - 15321. Let p(v) be the third derivative of 1/60*v**5 + 0*v + z*v**3 + 18*v**2 - 1/24*v**4 + 0. Determine p(0).
1
Let l(y) = -12*y**3 + 3*y**2 - 21*y + 34. Let p(n) = 19*n**3 - 3*n**2 + 32*n - 52. Let o(x) = -8*l(x) - 5*p(x). Let z = 8 + 0. Determine o(z).
-12
Let v(q) be the third derivative of -5*q**4/2 + 11*q**3 - 2*q**2 + 3*q + 102. Determine v(1).
6
Let d(z) = 13*z + 105. Let t(a) = -a**2 - 103*a - 884. Let o(m) = 17*d(m) + 2*t(m). What is o(11)?
-60
Suppose -8 = -3*c + 4. Suppose -2*s - 4*q = -s - c, s = -3*q + 4. Let t(b) = 338*b - 66. Let a(d) = 121*d - 24. Let v(j) = 14*a(j) - 5*t(j). What is v(s)?
10
Let a be (3*(-1)/3)/(45/540). Let z(v) = 2*v**2 + 22*v + 6. Determine z(a).
30
Let c = 75 - 75. Suppose 3*d = -2*d + 4*i + 17, -2*i = 2*d - 14. Let t(w) = d*w - 2*w - 22 - 4*w. What is t(c)?
-22
Let s(u) = u**2 - u - 2. Let c(n) = -5*n**2 + 7*n + 2. Let b(r) = -c(r) - 3*s(r). Suppose -21 = -2*h - 5*h. Calculate b(h).
10
Let i(t) = 2 - 3 + t**2 + 5 + 9*t. Suppose 0 = -402*r + 820*r - 400*r + 144. Calculate i(r).
-4
Let r(i) = 4*i**2 + i + 197. Let a(q) = -7*q**2 - 3*q - 330. Let j(h) = 3*a(h) + 5*r(h). Let u be (-17)/3 - 1/3. What is j(u)?
-17
Let c(a) be the third derivative of -2*a**5/15 - 43*a**4/24 - 5*a**3/3 + 2*a**2 - 900*a - 1. Determine c(-5).
5
Let w be (-4)/(-10) + 54/(-10). Let n(b) be the third derivative of -5*b**4/24 - 7*b**3/6 - 2*b**2 + 132*b - 4. Calculate n(w).
18
Let u = -10692 + 10685. Let a(d) = d + 26. Calculate a(u).
19
Let t(f) = f - 14. Let r(j) = -j**2 + j + 106. Let n be r(0). Let h = n - 96. Let y be t(h). Let l(b) = 2*b - 1. Calculate l(y).
-9
Let s(g) = -g**3 + 8*g**2 - 13*g + 8. Let w be -2*5*(-3)/15. Let c be ((-35)/10 + w)/((-1)/4). Calculate s(c).
2
Let h(q) = -13*q**3 + 6*q**2 + 12*q - 85. Let j(u) = 11*u**3 - 5*u**2 - 10*u + 80. Let o(l) = 5*h(l) + 6*j(l). What is o(0)?
55
Let c(p) = -p**3 - 2*p**2 + 8*p + 5. Let o(t) = -t**2 - 7*t + 40. Let x be o(-11). What is c(x)?
5
Let s(t) = -t**3 + 10*t**2 + 26*t - 27. Suppose 0 = 5*r + 5*v - 85, 32 = -3*r - 4*v + 88. Calculate s(r).
-3
Let m(n) be the third derivative of -n**5/30 - 2*n**4/3 - 3*n**3/2 + 48*n**2 + 3. Let r(u) = u**3 - 4*u**2 - 27*u + 55. Let i be r(2). Determine m(i).
5
Let s(t) = -t**3 - 7*t**2 + 3*t + 6. Let o(x) = -x**3 - 16*x**2 - 62*x + 22. Let l be o(-10). Let m be (15/(45/l))/(-2). Calculate s(m).
-15
Let i(v) = -7*v**3 - 8*v**2 + 10*v - 6. Let w(y) = -16*y**3 - 16*y**2 + 21*y - 11. Let m(o) = -9*i(o) + 4*w(o). Calculate m(7).
17
Let i(u) be the first derivative of -u**4/4 + 3*u**3 + u**2 - 29*u + 224. Let r be i(9). Let d(a) = a + 11. Determine d(r).
0
Let f(g) = g**3 - 32*g**2 - 65*g - 98. Let l(b) = -42*b**2 + 261*b - 20. Let c be l(6). Give f(c).
4
Let v(d) = -4 + 2*d - 1520179*d**2 + 1 + 1520180*d**2. Let z be (-3)/9 + (-43)/(-3). Suppose 3*f + 5*h = 16, 0 = -3*f - 7*h + 3*h + z. What is v(f)?
5
Let q(f) = -12*f**2 + 17*f + 9. Let g(w) = -7*w**2 + 9*w + 6. Let y(r) = -7*g(r) + 4*q(r). Suppose 53*x + 30 = 47*x. Give y(x).
-6
Suppose 13*y - 5*y = 376. Suppose -y = 2*a - 5*n, 4*n + 0*n - 75 = 5*a. Let t = 12 + a. Let i(o) = -4*o**3 + 2*o**2 - o. Determine i(t).
-3
Let b(a) = -32*a**2 - 2*a - 1. Let m = 383 + -369. Suppose -6*z - 8*z - m = 0. Give b(z).
-31
Let f(v) = -8*v**2 - 3*v + 8. Let g(u) = 3*u**2 + u - 4. Let n(y) = -3*f(y) - 7*g(y). Let r(j) be the first derivative of n(j). Give r(3).
20
Let u(f) = -f**2 - 4*f - 4. Let h = 114 + -100. Let s(c) = -c + 6. Let m be s(-5). Let z = m - h. Calculate u(z).
-1
Let y(x) = -x**2 + 38*x - 234. Let t be y(8). Let i(p) = -5*p**2 + 33*p - 10. What is i(t)?
8
Let b(i) = 608*i - 607*i + 26 - 28. Let p be ((-10)/3)/((-2)/(-3)). Let y be (-12)/(-10)*p/(-2). Calculate b(y).
1
Suppose 1842 = 420*j + 162. Let a(y) = -y**3 + 6*y**2 - 21. Calculate a(j).
11
Let t(c) = 4*c**3 + 7*c**2 - 55*c + 79. Let k(o) = o**3 + 2*o**2 - 14*o + 20. Let h(y) = 23*k(y) - 6*t(y). What is h(6)?
-38
Let c(v) = -v + 7. Let z = 2854 + -2837. What is c(z)?
-10
Suppose -12*j + 9*j = 3*l + 12, 0 = 3*j + l + 14. Let f be (-13)/j - (-2 + 16/10). Let b(q) = -3*q + 6. Determine b(f).
-3
Let b(i) = 7*i**3 + 3*i - 9. Let c(o) = 32. Let a(q) = 19. Let v(j) = -10*a(j) + 6*c(j). Let l(f) = b(f) + 3*v(f). Determine l(2).
59
Let t(h) = h**3 + 4*h**2 - 2*h + 11. Let z be t(-5). Let n(c) = -2*c**3 - c**2 + 1. Let u(j) = -24*j**3 - 6*j**2 + j + 4. Let x(m) = z*n(m) + u(m). Give x(1).
-17
Let m(l) = -12*l - 88 - 15*l + 20*l - 77 + 39. Determine m(-17).
-7
Let r(n) = -n**3 - 5*n**2 + 157*n + 905. Let y be r(-6). Let c(u) = -54*u - 13. Calculate c(y).
41
Let z(x) be the first derivative of x**4/4 + 2*x**3 + 5*x + 10. Let s be 0/((12/9)/(4/3)). Let h be ((-3)/2 - s)*4. What is z(h)?
5
Let n = -35 + 131. Let p = n + -96. Let w(c) = c**3 + c**2 - c + 37. Give w(p).
37
Let i(f) = 110*f + 1098. Let l be i(-10). Let x(r) = -9*r**3 - 2*r**2 - r - 1. What is x(l)?
65
Let z = -27 + 21. Let m be (z/(-7))/(1/(-7)). Let d = m + 6. Let b(p) = p**3 + p**2 - p - 5. Determine b(d).
-5
Suppose -16*d + 29 = -243. Let m(f) be the third derivative of 0 + 0*f + 0*f**3 + 1/12*f**4 + 1/20*f**5 - d*f**2. Determine m(-2).
8
Let q be (-1 - -1)/(-2) - 22058/538. Let w(d) = -6*d - 245. What is w(q)?
1
Let c(y) = 2*y**3 + y**2 + 6*y + 5. Let s(i) = 334*i - 1672. Let u be s(5). What is c(u)?
-19
Let k be (-8 + 10)*(-1)/(-1). Let p(b) = 60*b**k - 1 - 48*b**2 + 0. Let d be (6/(-4) - -2)/((-5)/(-10)). Give p(d).
11
Let f = -753 + 741. Let c(w) = w - 29. Give c(f).
-41
Let b(w) = 2*w**2 + 10*w + 21. Let p(x) = x**3 - 5*x**2 + 2*x - 54. Let g be p(6). Calculate b(g).
33
Suppose h + 4*h + 25 = 0. Let w(d) = -2*d + 22. Let x(n) = 5*n - 61. Suppose 8*p - 3*p = 5*v, v = 2*p + 3. Let s(l) = v*x(l) - 8*w(l). Calculate s(h).
2
Let a(r) = r**3 + 14*r**2 + 15*r + 11. Suppose -5*g + 2*f = 63, 0 = 4*g + 466*f - 469*f + 49. Give a(g).
-15
Let c = -53 - -86. Suppose 0 = -10*z + c - 3. Let p(t) = -z - 26*t**2 + 25*t**2 - 4*t + 0*t. Calculate p(-3).
0
Let i(q) = 4*q**2 - 5*q**3 - 2*q**2 - 189*q + q**2 + 179*q + 8. What is i(1)?
-4
Let k(r) = 3*r + 21. Suppose 23 = -3*y + o, y - 217*o = -218*o - 5. Give k(y).
0
Suppose 68 = 52*w + 43*w + 733. Let u(g) = -g**2 - 8*g - 16. Calculate u(w).
-9
Let p = -613 + 614. Let o(c) = 3*c + c**2 - 4 - 3*c**2 - 62*c**3 + 1 + p + 69*c**3. Give o(1).
6
Let c(r) = -12*r**3 + 10*r**2 - 7*r - 164. Let v(q) = -q**3 - 2*q - 13. Let g(p) = -c(p) + 13*v(p). Give g(-9).
85
Suppose -3*n + 18 = 4*v + 2*n, -5*n - 10 = 0. Let b(c) = 16409*c**2 + 1 - 16408*c**2 - 8*c - 4. What is b(v)?
-10
Let x be (-273)/(-39) - 0/(-1). Suppose -3*m = -4*m + 5*q - x, -m + 3*q - 5 = 0. Let f(g) = 4 - 3*g + 2 - g**2 - 4. Calculate f(m).
4
Let f(q) = -29*q - 144. Let y(d) = -64*d - 312. Let u(m) = -13*f(m) + 6*y(m). Let o(r) = r**3 - 5*r**2 + r - 4. Let h be o(5). Calculate u(h).
-7
Suppose -d - 3 - 46 = 0. Let i = d + 47. Let n(k) = 4*k**2 + 4*k - 4. Let w(o) = 3*o**2 + 3*o - 3. Let p(v) = i*n(v) + 3*w(v). What is p(1)?
1
Let n(p) be the third derivative of -p**4/8 - 7*p**3/3 + 516*p**2 - 3. Give n(-16).
34
Let m = 9 + 31. Suppose 2 = t + 4*c - 6, m = 5*t + c. Let f(x) be the second derivative of -x**4/12 + 11*x**3/6 - 2*x**2 + 74*x + 22. Give f(t).
20
Let z(c) be the third derivative of c**5/120 - 7*c**4/12 - 35*c**3/6 - 86*c**2. Let o(b) be the first derivative of z(b). What is o(14)?
0
Suppose 0 = 2*y - 0*y + 16. Let l(m) be the first derivative of -13*m**2 + 52 - 2*m**2 + 14*m**2 - 13*m + 2*m. Calculate l(y).
5
Let q(s) be the third derivative of -1/12*s**4 + 0*s + 186*s**2 + 0 - 2/3*s**3. Calculate q(2).
-8
Suppose -5*j + 5*a + 410 = 0, -5*j = 4*a - 9 - 419. Let n be ((-2)/12 - (-266)/j)*-1. Let f be -1